55 - -8 - -23) - -10?
17
Evaluate (22 - (-25 + -3 + 28)) + -5.
17
Calculate -7 + (12 - -8) + (-76 - -6) - (16 + -10).
-63
Calculate (-245 - -83) + 94 - -165.
97
-15 - ((-4 + 4 - (-5 + 15)) + 56 + -42)
-19
Calculate -3 + -1 + 2 + 38 + (-2 - (17 + -29)).
46
Calculate 3 + 0 + -2 + 375 + -351.
25
What is the value of 7 - (5 + 30) - 6?
-34
What is the value of 4 + -11 + -9 + 20 - (2 - -51)?
-49
(-3 - -4) + 0 + (46 - (95 - 31))
-17
Evaluate (7 - (-17 + 17)) + (3 - (-5 + 68 + 0)).
-53
Calculate -103 - (-310 - (26 + -103)).
130
What is the value of -54 + 176 + -158 + -1 + -7?
-44
Calculate 93 + -66 + (1 - -3) + (-1 - 12).
18
11 + -30 + 2 + (16 - (22 - 20)) - 111
-114
What is the value of 10 + -7 + -13 + 28 + 27?
45
Evaluate 0 + -3 - (-19 + 0 + -9 + -9).
34
Calculate -1 - (2 + -12) - (-33 + (-20 - -37) + -44).
69
18 + (28 - 9) + -10
27
32 + -14 + (-23 - 1)
-6
Calculate 21 + -62 + 62 - ((-13 - 3) + 3).
34
What is -26 + (37 + -89 - -51)?
-27
Calculate (92 - -37) + 3 - 129.
3
What is the value of -8 - ((-17 - -9) + 4 - 2) - (-6 + 17)?
-13
Calculate 6 + -2 + (46 + -21 - 6) + 23.
46
What is the value of 13 + (-2 - 4) + 9 + -2 + -43?
-29
Calculate -52 + -5 - (817 - 854).
-20
39 + -3 - (14 + -15 - 4)
41
What is -48 - -3 - (-196 - -192)?
-41
Evaluate 19 - ((-1 - 11 - (149 + -165)) + 0 + -1).
16
Calculate (28 - 5) + -85 - -99.
37
-7 + (24 - -14) - -5
36
What is 2 - ((-10 - 24) + 7 + 5 + -7)?
31
Evaluate -29 + 8 - (-154 + 43 - -47).
43
What is (12 - ((7 - 24) + 12)) + -4?
13
What is the value of 4 - (-96 - -5) - (1487 - 1464)?
72
(42 + -19 - (46 + -1)) + 13
-9
Calculate 14 - (-43 + 92 - 72).
37
Evaluate 10 + 7 + (-7 + 3 - 22) + 13.
4
What is the value of 61 + (-8 - 54) - (6 - -2) - -36?
27
Calculate 22 + -48 + 10 + 1 - (51 + -3).
-63
What is 64 - (-12 + 5 - (-12 - (12 + -26)) - -16)?
57
What is the value of -90 - (-48 - (50 + -107))?
-99
What is the value of 5 + (4 - 6) + -20 - 12?
-29
Evaluate -8 + -2 + 14 + 5 + -1 + 12.
20
-141 + (-27 - -170) + -15
-13
What is the value of 12 + (46 - (34 - -13)) + (0 - 7) + 12?
16
Calculate (-38 - 27) + 89 + (-3 - 0 - -7).
28
What is the value of -51 - (-186 + (42 - -68))?
25
What is the value of 10 - -18 - (-588 - -614)?
2
What is the value of (47 - -3) + -9 + (20 - (0 + 13)) + 4?
52
What is (-10 - (-3 - 15)) + (-4 - (-80 + (-14 - 4)))?
102
What is the value of 5 + -6 + -4 + 64 + 5 + -16 + 23?
71
57 + 23 + -10 - (-25 - -50)
45
What is -105 - (-14 + (-19 - (15 - 53))) - -18?
-92
Evaluate 103 + -41 + 5 + 3 + -13 + -2.
55
8 - (12 - (-12 + 29 - 13))
0
What is (1 + -3 - (1 - 55)) + (-2610 - -2616)?
58
(-311 - -303) + (-3 - -24) - (0 + -71)
84
What is 31 + 1 + (68 - 92)?
8
What is the value of 0 + 3 + -9 + 3 + (329 - 337)?
-11
Calculate (27 - 33) + 1 + 36 - (7 + 6).
18
45 + -4 + -72 - -11
-20
Evaluate (-20 - -3 - (-6 + (11 - 4) + -10)) + 34.
26
Calculate 29 - ((-4 - (0 + -14 - -24) - -5) + 4).
34
Calculate (2167 - 2198) + 2 + 43.
14
Evaluate -44 - (1 - -9 - (4 + (-10 - -17) + 2)).
-41
What is 0 + ((23 + -20 - 21) + 8 + 0 - -56)?
46
16 - (-28 - (47 + -53))
38
What is the value of 22 - ((-25 + 59 - 17) + 59)?
-54
Evaluate (207 + -229 + -2 + 8 - -27) + (-1 - -53).
63
What is the value of -17 + (3 - (-3 - (5 - (20 - 11))))?
-15
Evaluate -49 + (33 - 30) + 5 + 3.
-38
Evaluate (-26 - -16) + (14 - (-13 - -29)).
-12
-11 - (-30 - (31 + 4 + -47))
7
-9 + (42 - -1) + -9 + -59
-34
Evaluate (-9 - -2 - (-108 + 103)) + 21.
19
5 + -27 + 1 + 93 + -81
-9
Evaluate 1 - (-62 - -116) - -11.
-42
What is the value of 41 + 1 - (10 - (-52 - -50))?
30
Calculate -15131 - -15083 - (-124 - 2).
78
What is the value of -40 + (-58 + (-2 - -28) - -52)?
-20
-12 + (12 - 0 - 1) + (5 + 0 - 42)
-38
42 + ((23 - 5) + -13 - -17) + -22
42
Evaluate 60 - (72 + 29 + 15).
-56
Evaluate -11 - (-109 + 69) - 101.
-72
What is the value of -394 + 386 + (1 - (-1 - -1)) + -18?
-25
What is 25 + 26 + -30 + -80 - (2 + 7)?
-68
Evaluate 104 - (67 + -32 + -1).
70
What is the value of 6 + 38 + (21 - (19 + -3 - 6)) + -8?
47
-3 + (-2 - 1) + 1 - ((-122 - -90) + 130)
-103
What is the value of 17 - (-53 - (-108 - -166))?
128
What is the value of -20 + (5 - 16 - (-5 + -15))?
-11
What is the value of 18 + 10 + -36 - 30?
-38
-2 - (11 + (36 - (39 - -18)))
8
Calculate -2 + 0 + -12 + 2 + (-32 - 15).
-59
What is the value of (64 - 49) + (-15 + 5 - -38)?
43
Evaluate -28 - (11 + 14 + -3 + (-28 - (-18 + 5))).
-35
Evaluate (-26 - (-47 - 28)) + -98 + -26.
-75
Calculate 6 + -8 - (-13 - 3) - 60 - -12.
-34
What is -40 - (8 - (-2 - 1 - (-52 + 50))) - 1?
-50
What is the value of 37 + (35 + -26 - 32) + (9 - -1)?
24
-13 + (-12 - (26 - 38 - (2 - -81)))
70
Calculate 10 + 17 + -5 - 2 - -1.
21
(11 - (-76 + 137)) + 100
50
-3 + (47 - (-18 + -7 + 7 + 4))
58
What is the value of -1 + 21 + 18 + (-20 - -20) + -28 + 18?
28
Calculate -10 - -7 - -4 - 10 - (-117 + 42 - -11).
55
Evaluate 4 + 22 - -5 - 18.
13
Evaluate -38 + 90 + (-4 + 10 - -16).
74
What is -11 + (-31 - (-22 + -13)) + 10 + 0?
3
What is -17 + -1 + -4587 + 4669?
64
(-1912 - -1993) + -26 + 1
56
What is the value of -83 - (-13 - 47 - (-107 + 74))?
-56
What is (49 - 110) + 35 + 1 + 6?
-19
63 + -15 + 34 + -32
50
What is -12 - (62 - 39 - (3 - -8))?
-24
10 - (-17 - (4 + 1) - (-19 + -20 + 42))
35
Calculate 90 - (79 + -34) - 81.
-36
What is the value of (-1 - 0) + (-60 - (27 + -28) - -28)?
-32
Calculate -38 - (-5 - 54) - (-1 - 1 - -7).
16
Evaluate -64 - 6 - (0 - -2) - (-1903 - -1896).
-65
-19 + 88 + -132 + 10
-53
Calculate -1 + 7 - (-128 + -70 + 231).
-27
What is the value of -61 - -3 - (464 - 472)?
-50
Evaluate -227 + 81 - -62 - (-7 - (-2 + 1)).
-78
1185 - 1135 - (14 - (-4 + 4))
36
What is the value of -93 + 201 + -194 - (-1 - 27)?
-58
10 - 96 - (-87 + 27)
-26
What is -38 + 5 - (-264 - -252)?
-21
7 - -49 - (6 - -54)
-4
What is the value of -3 - (30 - (-6 + -8) - (1 + -10 + 9))?
-47
What is the value of (1 - 1) + (-8 + 0 + -11 - -40)?
21
Calculate 4 + 3 + 1 - (-195 + 197).
6
What is 32 + -17 + -99 + 58?
-26
What is 70 + -52 + -1 + -15 + 1 + 55?
58
What is -125 + 118 - (9 + (-4 - -2))?
-14
Calculate (2 - 15) + (16 - 72) + 1 + 10 + -3.
-61
-11 - ((-22 - 15) + 14 - 28)
40
Evaluate 41 - 35 - (-16 - (4 - -9)).
35
What is the value of 0 - -10 - 9 - -4 - (7 + (-54 - 2))?
54
Calculate (-24 + 1 - (16 + -14 + 19 - 23)) + -8.
-29
Calculate -45 + 95 + (18 - 1).
67
Evaluate -30 - (2 + -20) - 6.
-18
What is (-16 - (-3 + -21 + 1)) + (-21 - -1) - -9?
-4
Calculate 13 - (-10 - -1 - (-6 - -11)).
27
Calculate -3 + (-3 - (-38 + -5) - (-19 - (-19 - -7))).
44
What is the value of -5 + (-20 - (-56 - (3 - 26)))?
8
What is 32 + -14 + -7 - -7 - 33 - -13?
-2
What is -1 + -8 - (-135 - -142)?
-16
5 + (66 - (24 + 35))
12
Calculate 77 - (31 - (-37 + 72) - (-4 + 1)).
78
Calculate 2 + -12 - (-17 + -14 + 10 + 10) - -46.
47
What is the value of 70 + (-7 - 5 - -12 - (5 + 2 + 1))?
62
Evaluate -6 + -8 + (19 - 41).
-36
What is 11 + -106 + 27 + -10 + 12?
-66
Evaluate 34 + (44 - 26 - (10 + 1)).
41
What is the value of -179 + 222 - (1 - -24)?
18
What is 22 + -39 + 11 - (-1 - 0 - -31)?
-36
What is the value of -38 + ((6 - 2) + (23 - -2 - 13) - 10)?
-32
84 - (19 + 4) - 21
40
What is 12 + (-23 - -15) + (18 - (7 + 9))?
6
Evaluate -29 + 113 - -11 - 13.
82
Calculate 10 + (-3 - 73) + (-11 - (-5 + 4) - -10).
-66
Calculate 7 + (-10 + 18 - 18) + 1 + 9 - 0.
7
Evaluate (3 - (0 + 0 + 6)) + 48 + 10 + -5.
50
What is 609 - 430 - (-6 + 88)?
97
What is 0 - (-93 - -51) - 60?
-18
What is 76 + -82 + 155 + -98?
51
Evaluate (-3 + 2 - -5) + (150 - 327 - -176).
3
Calculate 1 - 6 - (-25 - -41 - (-10 + 27)).
-4
What is (2 - (-12 - -1) - (106 - (-41 - -86))) + 16?
-32
What is -9 - 3 - (-69 + -2 + -26 + 49)?
36
Evaluate -88 + 81 + (22 - 3) + (-5 - 60).
-53
What is (40 - -16) + -107 + 13?
-38
What is the value of -6 - (54 - (18 + 49))?
7
(162 - 160) + 8 + -26
-16
Evaluate 73 + -3 + 2 + (51 - (61 - 18)).
80
What is the value of -74 + 2 + (-290 - -352)?
-10
What is (121 - -3) + 1 + -14 - 32?
79
30 + -5 + (-1 - 6) + 10 + 8
36
Calculate -424 + 319 - (3 - ((-3 - -1) + 16) - 3).
-91
(-51 - 1) + (671 - 659) - -2
-38
Calculate (2 - 28) + (66 - 61).
-21
Calculate 52 + (115 + -125 - (11 - 23)).
54
What is (11 - -3 - (2 + 7 - (17 - 2))) + -5?
15
Evaluate 127 + -15 + 4 + -52.
64
4 + -34 - ((27 - -31) + -45)
-43
Evaluate (-71 - (38 + -38)) + 92.
21
-2 + -12